4.
2, 3, 167, 257
List the prime factors of 654355.
5, 13, 10067
What are the prime factors of 350775?
3, 5, 1559
List the prime factors of 198214.
2, 23, 31, 139
List the prime factors of 943243.
7, 47, 61
List the prime factors of 120777.
3, 127, 317
What are the prime factors of 203188?
2, 79, 643
List the prime factors of 2142648.
2, 3, 29759
What are the prime factors of 29339?
29339
What are the prime factors of 743015?
5, 7, 13, 23, 71
List the prime factors of 793311.
3, 264437
List the prime factors of 1149622.
2, 233, 2467
What are the prime factors of 665881?
41, 109, 149
List the prime factors of 120127.
7, 131
What are the prime factors of 321908?
2, 23, 3499
List the prime factors of 2078574.
2, 3, 346429
What are the prime factors of 357856?
2, 53, 211
What are the prime factors of 1269390?
2, 3, 5, 17, 19, 131
List the prime factors of 2360959.
19, 313, 397
What are the prime factors of 2879496?
2, 3, 13331
What are the prime factors of 422978?
2, 19, 11131
What are the prime factors of 411097?
227, 1811
List the prime factors of 88955.
5, 17791
What are the prime factors of 1645396?
2, 17, 24197
List the prime factors of 652375.
5, 17, 307
What are the prime factors of 461205?
3, 5, 37, 277
What are the prime factors of 142445?
5, 31, 919
What are the prime factors of 372492?
2, 3, 3449
What are the prime factors of 6251197?
181, 34537
What are the prime factors of 1184269?
1184269
What are the prime factors of 4873180?
2, 5, 13, 18743
List the prime factors of 14351730.
2, 3, 5, 478391
List the prime factors of 271321.
37, 7333
List the prime factors of 9237138.
2, 3, 29, 53087
What are the prime factors of 986233?
19, 51907
List the prime factors of 2700032.
2, 53, 199
List the prime factors of 1151868.
2, 3, 95989
What are the prime factors of 279750?
2, 3, 5, 373
What are the prime factors of 122121?
3, 4523
What are the prime factors of 29600380?
2, 5, 1480019
What are the prime factors of 213206?
2, 7, 97, 157
List the prime factors of 3103247.
7, 193, 2297
List the prime factors of 22057492.
2, 31, 177883
List the prime factors of 1475293.
19, 77647
List the prime factors of 141717.
3, 97, 487
List the prime factors of 549866.
2, 211, 1303
What are the prime factors of 100677?
3, 37, 907
What are the prime factors of 27012?
2, 3, 2251
List the prime factors of 37751339.
17, 71, 31277
List the prime factors of 4888755.
3, 5, 12071
List the prime factors of 492292.
2, 23, 5351
List the prime factors of 206082.
2, 3, 107
What are the prime factors of 1459159?
13, 107, 1049
List the prime factors of 7564721.
457, 16553
What are the prime factors of 1325838?
2, 3, 220973
What are the prime factors of 8491?
7, 1213
List the prime factors of 349912.
2, 191, 229
List the prime factors of 6912710.
2, 5, 7, 17, 37, 157
List the prime factors of 3063410.
2, 5, 7, 107, 409
List the prime factors of 5752197.
3, 11, 97, 599
List the prime factors of 706336.
2, 22073
What are the prime factors of 523584?
2, 3, 101
What are the prime factors of 91451?
109, 839
List the prime factors of 2660619.
3, 13, 17, 4013
List the prime factors of 3983908.
2, 47, 21191
List the prime factors of 63726.
2, 3, 13, 19, 43
List the prime factors of 1192973.
29, 31, 1327
List the prime factors of 354175.
5, 31, 457
What are the prime factors of 4427842?
2, 401, 5521
What are the prime factors of 3466129?
131, 26459
What are the prime factors of 31402970?
2, 5, 3140297
What are the prime factors of 93318?
2, 3, 103, 151
List the prime factors of 401228.
2, 37, 2711
What are the prime factors of 7853683?
311, 25253
List the prime factors of 338361.
3, 112787
What are the prime factors of 17601930?
2, 3, 5, 257, 761
List the prime factors of 1423850.
2, 5, 28477
List the prime factors of 199712.
2, 79
What are the prime factors of 1576254?
2, 3, 262709
List the prime factors of 170630.
2, 5, 113, 151
What are the prime factors of 27314?
2, 7, 1951
List the prime factors of 1718619.
3, 7, 81839
List the prime factors of 535563.
3, 7, 8501
List the prime factors of 5931610.
2, 5, 19, 31219
What are the prime factors of 389463?
3, 131, 991
List the prime factors of 2232886.
2, 23, 48541
List the prime factors of 721736.
2, 90217
List the prime factors of 689580.
2, 3, 5, 1277
List the prime factors of 354151.
7, 50593
List the prime factors of 2622313.
67, 39139
What are the prime factors of 28176951?
3, 11, 29, 29443
What are the prime factors of 3615745?
5, 7, 103307
What are the prime factors of 679735?
5, 7, 19421
List the prime factors of 7817.
7817
What are the prime factors of 66802?
2, 127, 263
What are the prime factors of 2493882?
2, 3, 46183
What are the prime factors of 197564?
2, 49391
List the prime factors of 14839761.
3, 23, 431, 499
List the prime factors of 113619.
3, 11, 313
List the prime factors of 50930.
2, 5, 11, 463
List the prime factors of 5673905.
5, 1134781
List the prime factors of 204070.
2, 5, 20407
What are the prime factors of 166661?
11, 109, 139
List the prime factors of 4441791.
3, 1480597
What are the prime factors of 2295009?
3, 23, 11087
What are the prime factors of 164413?
164413
List the prime factors of 2936247.
3, 978749
What are the prime factors of 288060?
2, 3, 5, 4801
List the prime factors of 8050495.
5, 79, 89, 229
What are the prime factors of 3200448?
2, 3, 79, 211
What are the prime factors of 606325?
5, 79, 307
What are the prime factors of 239193?
3, 2953
What are the prime factors of 550575?
3, 5, 2447
What are the prime factors of 4652676?
2, 3, 7, 37, 499
What are the prime factors of 411409?
411409
List the prime factors of 1398086.
2, 211, 3313
What are the prime factors of 15626032?
2, 59, 16553
List the prime factors of 344175.
3, 5, 13, 353
What are the prime factors of 95558?
2, 47779
List the prime factors of 18791412.
2, 3, 37, 42323
What are the prime factors of 85143?
3, 101, 281
What are the prime factors of 3011740?
2, 5, 150587
What are the prime factors of 1004190?
2, 3, 5, 11, 17, 179
List the prime factors of 42898372.
2, 11, 61, 1453
List the prime factors of 121401.
3, 7, 41, 47
List the prime factors of 28904.
2, 3613
List the prime factors of 1954117.
11, 177647
List the prime factors of 10008917.
10008917
What are the prime factors of 1949282?
2, 683, 1427
What are the prime factors of 141144?
2, 3, 5881
List the prime factors of 99892.
2, 13, 17, 113
What are the prime factors of 226520?
2, 5, 7, 809
List the prime factors of 417178.
2, 208589
What are the prime factors of 118182?
2, 3, 19697
What are the prime factors of 778070?
2, 5, 29, 2683
List the prime factors of 119850.
2, 3, 5, 17, 47
What are the prime factors of 674075?
5, 59, 457
What are the prime factors of 625169?
625169
What are the prime factors of 281681?
23, 37, 331
What are the prime factors of 16244067?
3, 7, 43, 17989
List the prime factors of 30171.
3, 89, 113
List the prime factors of 229892.
2, 13, 4421
What are the prime factors of 494051?
494051
List the prime factors of 10446481.
59, 3001
What are the prime factors of 30045385?
5, 1697, 3541
List the prime factors of 271219.
13, 31, 673
What are the prime factors of 67938?
2, 3, 13, 67
List the prime factors of 8098.
2, 4049
What are the prime factors of 180001?
180001
List the prime factors of 170052.
2, 3, 37, 383
List the prime factors of 137300.
2, 5, 1373
List the prime factors of 4976175.
3, 5, 43, 1543
What are the prime factors of 181643?
7, 11, 337
What are the prime factors of 242297?
11, 22027
What are the prime factors of 23333905?
5, 7, 666683
What are the prime factors of 852199?
852199
What are the prime factors of 59162?
2, 29581
What are the prime factors of 3306787?
11, 521, 577
List the prime factors of 7308548.
2, 13, 140549
What are the prime factors of 645633?
3, 23, 3119
What are the prime factors of 13129073?
13129073
List the prime factors of 280472.
2, 35059
List the prime factors of 85540.
2, 5, 7, 13, 47
What are the prime factors of 235862?
2, 11, 71, 151
What are the prime factors of 6941958?
2, 3, 677, 1709
List the prime factors of 1096537.
13, 84349
List the prime factors of 1498447.
31, 48337
List the prime factors of 98443.
98443
What are the prime factors of 150325?
5, 7, 859
List the prime factors of 1928980.
2,